{"id":1770,"date":"2023-10-23T08:43:46","date_gmt":"2023-10-23T11:43:46","guid":{"rendered":"http:\/\/brafp.org.br\/iafp2024\/?page_id=1770"},"modified":"2024-09-11T06:17:33","modified_gmt":"2024-09-11T09:17:33","slug":"datas-e-prazos","status":"publish","type":"page","link":"https:\/\/brafp.org.br\/iafp2024\/datas-e-prazos\/","title":{"rendered":"Calend\u00e1rio"},"content":{"rendered":"<table cellspacing=\"0\" cellpadding=\"0\">\n<tbody>\n<tr>\n<td valign=\"top\"><span style=\"color: #000000; font-family: Calibri; font-size: medium;\">Dezembro 2023<\/span><\/td>\n<td valign=\"top\"><span style=\"color: #000000; font-family: Calibri; font-size: medium;\">Lan\u00e7amento website IAFP Latino 2024<\/span><\/td>\n<\/tr>\n<tr>\n<td valign=\"top\"><span style=\"color: #000000; font-family: Calibri; font-size: medium;\">01\/01\/2024 a 15\/10\/2024<\/span><\/td>\n<td valign=\"top\"><span style=\"color: #000000; font-family: Calibri; font-size: medium;\">Inscri\u00e7\u00f5es online<\/span><\/td>\n<\/tr>\n<tr>\n<td valign=\"top\"><span style=\"color: #000000; font-family: Calibri; font-size: medium;\">01\/01\/2023 a 31\/03\/2024<\/span><\/td>\n<td valign=\"top\"><span style=\"color: #000000; font-family: Calibri; font-size: medium;\">Submiss\u00e3o de propostas de mesas-redondas<\/span><\/td>\n<\/tr>\n<tr>\n<td valign=\"top\"><span style=\"color: #000000; font-family: Calibri; font-size: medium;\">01\/04\/2024 a 31\/05\/2024<\/span><\/td>\n<td valign=\"top\"><span style=\"color: #000000; font-family: Calibri; font-size: medium;\">Avalia\u00e7\u00e3o e divulga\u00e7\u00e3o de propostas de mesas-redondas selecionadas<\/span><\/td>\n<\/tr>\n<tr>\n<td valign=\"top\"><span style=\"color: #000000; font-family: Calibri; font-size: medium;\"><b>01\/03\/2024 a 16\/08\/2024<\/b><\/span><\/td>\n<td valign=\"top\"><span style=\"color: #000000; font-family: Calibri; font-size: medium;\"><b>Submiss\u00e3o de resumos (posteres e sess\u00f5es t\u00e9cnicas)<\/b><\/span><\/td>\n<\/tr>\n<tr>\n<td valign=\"top\"><span style=\"color: #000000; font-family: Calibri; font-size: medium;\">01\/07\/2024 a 23\/08\/2024<\/span><\/td>\n<td valign=\"top\"><span style=\"color: #000000; font-family: Calibri; font-size: medium;\">Avalia\u00e7\u00e3o e divulga\u00e7\u00e3o de resumos aprovados<\/span><\/td>\n<\/tr>\n<tr>\n<td valign=\"top\"><span style=\"color: #000000; font-family: Calibri; font-size: medium;\">06\/09\/2024, 23:59 (BSB)<\/span><\/td>\n<td valign=\"top\"><span style=\"color: #000000; font-family: Calibri; font-size: medium;\"><b>Data limite para pagamento de inscri\u00e7\u00f5es em cursos<\/b><\/span><\/td>\n<\/tr>\n<tr>\n<td valign=\"top\"><span style=\"color: #000000; font-family: Calibri; font-size: medium;\"><b>30\/09\/2024<\/b><\/span><\/td>\n<td valign=\"top\"><span style=\"color: #000000; font-family: Calibri; font-size: medium;\"><b>Confirma\u00e7\u00e3o dos cursos a serem oferecidos (demanda e pagamento de inscri\u00e7\u00f5es)<\/b><\/span><\/td>\n<\/tr>\n<tr>\n<td valign=\"top\"><span style=\"color: #000000; font-family: Calibri; font-size: medium;\">31\/10\/2024, 23:59 (BSB)<\/span><\/td>\n<td valign=\"top\">Data limite para pagamento das inscri\u00e7\u00f5es de participantes com resumos aprovados, para apresenta\u00e7\u00e3o do p\u00f4ster e inclus\u00e3o no Livro de Resumos<\/td>\n<\/tr>\n<tr>\n<td valign=\"top\"><span style=\"color: #000000; font-family: Calibri; font-size: medium;\">16\/10\/2024 a 10\/11\/2024<\/span><\/td>\n<td valign=\"top\"><span style=\"color: #000000; font-family: Calibri; font-size: medium;\">Inscri\u00e7\u00f5es online, com pagamento no local do evento<\/span><\/td>\n<\/tr>\n<tr>\n<td valign=\"top\"><span style=\"color: #000000; font-family: Calibri; font-size: medium;\">11\/11\/2024 a 14\/11\/2024<\/span><\/td>\n<td valign=\"top\"><span style=\"color: #000000; font-family: Calibri; font-size: medium;\">IAFP Latino 2024 (inscri\u00e7\u00f5es no local)<\/span><\/td>\n<\/tr>\n<tr>\n<td valign=\"top\"><span style=\"color: #000000; font-family: Calibri; font-size: medium;\">Cancelamento de inscri\u00e7\u00f5es:<\/span><\/td>\n<td valign=\"top\"><span style=\"color: #000000; font-family: Calibri; font-size: medium;\">A solicita\u00e7\u00e3o dever\u00e1 ser encaminhada ao e-mail eventos@marucchieventos.com.br at\u00e9 o dia 01\/09\/2024, informando o n\u00famero da inscri\u00e7\u00e3o, o nome completo do inscrito e os dados para dep\u00f3sito em conta corrente.<\/span><\/td>\n<\/tr>\n<\/tbody>\n<\/table>\n","protected":false},"excerpt":{"rendered":"<p>Dezembro 2023 Lan\u00e7amento website IAFP Latino 2024 01\/01\/2024 a 15\/10\/2024 Inscri\u00e7\u00f5es online 01\/01\/2023 a 31\/03\/2024 Submiss\u00e3o de propostas de mesas-redondas 01\/04\/2024 a 31\/05\/2024 Avalia\u00e7\u00e3o e divulga\u00e7\u00e3o de propostas de mesas-redondas selecionadas 01\/03\/2024 a 16\/08\/2024 Submiss\u00e3o de resumos (posteres e sess\u00f5es t\u00e9cnicas) 01\/07\/2024 a 23\/08\/2024 Avalia\u00e7\u00e3o e divulga\u00e7\u00e3o de resumos aprovados 06\/09\/2024, 23:59 (BSB) Data limite [&hellip;]<\/p>\n","protected":false},"author":1,"featured_media":0,"parent":0,"menu_order":0,"comment_status":"closed","ping_status":"closed","template":"","meta":{"footnotes":""},"_links":{"self":[{"href":"https:\/\/brafp.org.br\/iafp2024\/wp-json\/wp\/v2\/pages\/1770"}],"collection":[{"href":"https:\/\/brafp.org.br\/iafp2024\/wp-json\/wp\/v2\/pages"}],"about":[{"href":"https:\/\/brafp.org.br\/iafp2024\/wp-json\/wp\/v2\/types\/page"}],"author":[{"embeddable":true,"href":"https:\/\/brafp.org.br\/iafp2024\/wp-json\/wp\/v2\/users\/1"}],"replies":[{"embeddable":true,"href":"https:\/\/brafp.org.br\/iafp2024\/wp-json\/wp\/v2\/comments?post=1770"}],"version-history":[{"count":16,"href":"https:\/\/brafp.org.br\/iafp2024\/wp-json\/wp\/v2\/pages\/1770\/revisions"}],"predecessor-version":[{"id":4644,"href":"https:\/\/brafp.org.br\/iafp2024\/wp-json\/wp\/v2\/pages\/1770\/revisions\/4644"}],"wp:attachment":[{"href":"https:\/\/brafp.org.br\/iafp2024\/wp-json\/wp\/v2\/media?parent=1770"}],"curies":[{"name":"wp","href":"https:\/\/api.w.org\/{rel}","templated":true}]}}