{"id":1775,"date":"2023-10-23T08:46:28","date_gmt":"2023-10-23T11:46:28","guid":{"rendered":"http:\/\/brafp.org.br\/iafp2024\/?page_id=1775"},"modified":"2023-12-07T09:47:03","modified_gmt":"2023-12-07T12:47:03","slug":"seja-um-expositor","status":"publish","type":"page","link":"https:\/\/brafp.org.br\/iafp2024\/seja-um-expositor\/","title":{"rendered":"Seja um expositor"},"content":{"rendered":"\t\t<div data-elementor-type=\"wp-page\" data-elementor-id=\"1775\" class=\"elementor elementor-1775\" data-elementor-post-type=\"page\">\n\t\t\t\t\t\t\t\t\t<section class=\"elementor-section elementor-top-section elementor-element elementor-element-3866960 elementor-section-boxed elementor-section-height-default elementor-section-height-default\" data-id=\"3866960\" data-element_type=\"section\" data-settings=\"{&quot;background_background&quot;:&quot;classic&quot;}\">\n\t\t\t\t\t\t<div class=\"elementor-container elementor-column-gap-default\">\n\t\t\t\t\t<div class=\"elementor-column elementor-col-100 elementor-top-column elementor-element elementor-element-769060b\" data-id=\"769060b\" data-element_type=\"column\">\n\t\t\t<div class=\"elementor-widget-wrap elementor-element-populated\">\n\t\t\t\t\t\t\t\t<div class=\"elementor-element elementor-element-aa98e1c elementor-widget elementor-widget-heading\" data-id=\"aa98e1c\" data-element_type=\"widget\" data-widget_type=\"heading.default\">\n\t\t\t\t<div class=\"elementor-widget-container\">\n\t\t\t<style>\/*! elementor - v3.16.0 - 17-10-2023 *\/\n.elementor-heading-title{padding:0;margin:0;line-height:1}.elementor-widget-heading .elementor-heading-title[class*=elementor-size-]>a{color:inherit;font-size:inherit;line-height:inherit}.elementor-widget-heading .elementor-heading-title.elementor-size-small{font-size:15px}.elementor-widget-heading .elementor-heading-title.elementor-size-medium{font-size:19px}.elementor-widget-heading .elementor-heading-title.elementor-size-large{font-size:29px}.elementor-widget-heading .elementor-heading-title.elementor-size-xl{font-size:39px}.elementor-widget-heading .elementor-heading-title.elementor-size-xxl{font-size:59px}<\/style><p class=\"elementor-heading-title elementor-size-default\">Seja um Expositor<\/p>\t\t<\/div>\n\t\t\t\t<\/div>\n\t\t\t\t<div class=\"elementor-element elementor-element-2ed6f7e elementor-widget elementor-widget-theme-post-title elementor-page-title elementor-widget-heading\" data-id=\"2ed6f7e\" data-element_type=\"widget\" data-widget_type=\"theme-post-title.default\">\n\t\t\t\t<div class=\"elementor-widget-container\">\n\t\t\t<h1 class=\"elementor-heading-title elementor-size-default\">Inicial \/\/  Seja um expositor<\/h1>\t\t<\/div>\n\t\t\t\t<\/div>\n\t\t\t\t<section class=\"elementor-section elementor-inner-section elementor-element elementor-element-9034e22 elementor-section-boxed elementor-section-height-default elementor-section-height-default\" data-id=\"9034e22\" data-element_type=\"section\">\n\t\t\t\t\t\t<div class=\"elementor-container elementor-column-gap-default\">\n\t\t\t\t\t<div class=\"elementor-column elementor-col-100 elementor-inner-column elementor-element elementor-element-93869e5\" data-id=\"93869e5\" data-element_type=\"column\" data-settings=\"{&quot;background_background&quot;:&quot;classic&quot;}\">\n\t\t\t<div class=\"elementor-widget-wrap elementor-element-populated\">\n\t\t\t\t\t\t\t\t<div class=\"elementor-element elementor-element-a84aaf5 elementor-widget elementor-widget-heading\" data-id=\"a84aaf5\" data-element_type=\"widget\" data-widget_type=\"heading.default\">\n\t\t\t\t<div class=\"elementor-widget-container\">\n\t\t\t<h5 class=\"elementor-heading-title elementor-size-default\">Stand com montagem b\u00e1sica + logo da empresa no site do evento\u2028+<br><br>Caracter\u00edsticas do Stand B\u00e1sico\n<\/h5>\t\t<\/div>\n\t\t\t\t<\/div>\n\t\t\t\t<div class=\"elementor-element elementor-element-84e8cf7 elementor-widget elementor-widget-text-editor\" data-id=\"84e8cf7\" data-element_type=\"widget\" data-widget_type=\"text-editor.default\">\n\t\t\t\t<div class=\"elementor-widget-container\">\n\t\t\t<style>\/*! elementor - v3.16.0 - 17-10-2023 *\/\n.elementor-widget-text-editor.elementor-drop-cap-view-stacked .elementor-drop-cap{background-color:#69727d;color:#fff}.elementor-widget-text-editor.elementor-drop-cap-view-framed .elementor-drop-cap{color:#69727d;border:3px solid;background-color:transparent}.elementor-widget-text-editor:not(.elementor-drop-cap-view-default) .elementor-drop-cap{margin-top:8px}.elementor-widget-text-editor:not(.elementor-drop-cap-view-default) .elementor-drop-cap-letter{width:1em;height:1em}.elementor-widget-text-editor .elementor-drop-cap{float:left;text-align:center;line-height:1;font-size:50px}.elementor-widget-text-editor .elementor-drop-cap-letter{display:inline-block}<\/style>\t\t\t\t<p class=\"p1\">Montagem em material de alum\u00ednio (sistema modular octogonal) com chapas divis\u00f3rias em TS na cor branca;<br \/><br \/>Altura do estande em 2,20m<br \/>01 (uma) testeira frontal identificativa reta (de 0,983m de largura por 0,463m altura) com o nome das empresas em letras helv\u00e9ticas;<br \/><br \/>Ilumina\u00e7\u00e3o na testeira por spot de alum\u00ednio com l\u00e2mpada incandescente tipo soft branca;<br \/><br \/>01 (uma) mesa tubular , com tampo de vidro de 090m de di\u00e2metro;<br \/><br \/>03 (tr\u00eas) cadeiras pretas, estofadas em tecido preto (sem bra\u00e7os);<br \/><br \/>O estande \u00e9 montado sobre forra\u00e7\u00e3o cinza grafite de 03mm, aplicada diretamente sobre o piso do local do evento e fixada com fitas dupla faces;<br \/><br \/>S\u00e3o colocadas internamente 03(tr\u00eas) l\u00e2mpadas tipo soft brancas, em spots de alum\u00ednio fixados na parte superior do estande;<br \/><br \/>01(uma) tomada interna ( 110 Volts ou 220 Volts ).<br \/><br \/>P\u00e9 direito m\u00e1ximo: 5,00 metros<\/p>\t\t\t\t\t\t<\/div>\n\t\t\t\t<\/div>\n\t\t\t\t<div class=\"elementor-element elementor-element-730648b elementor-widget elementor-widget-image\" data-id=\"730648b\" data-element_type=\"widget\" data-widget_type=\"image.default\">\n\t\t\t\t<div class=\"elementor-widget-container\">\n\t\t\t<style>\/*! elementor - v3.16.0 - 17-10-2023 *\/\n.elementor-widget-image{text-align:center}.elementor-widget-image a{display:inline-block}.elementor-widget-image a img[src$=\".svg\"]{width:48px}.elementor-widget-image img{vertical-align:middle;display:inline-block}<\/style>\t\t\t\t\t\t\t\t\t\t\t\t<img loading=\"lazy\" decoding=\"async\" width=\"266\" height=\"213\" src=\"https:\/\/brafp.org.br\/iafp2024\/wp-content\/uploads\/2023\/11\/image001.png\" class=\"attachment-large size-large wp-image-2406\" alt=\"\" \/>\t\t\t\t\t\t\t\t\t\t\t\t\t\t\t<\/div>\n\t\t\t\t<\/div>\n\t\t\t\t<div class=\"elementor-element elementor-element-9240e2c elementor-widget elementor-widget-text-editor\" data-id=\"9240e2c\" data-element_type=\"widget\" data-widget_type=\"text-editor.default\">\n\t\t\t\t<div class=\"elementor-widget-container\">\n\t\t\t\t\t\t\t<p class=\"p1\"><b>Investimento Stands B\u00e1sicos ou a \u00e1rea para stand constru\u00eddo<\/b><\/p><p class=\"p1\"><br \/><b>01 (UM) \u2013 Stand 3\u00d73 \u00a0\u00a0\u00a0\u00a0\u00a0\u00a0\u00a0\u00a0\u00a0\u00a0\u00a0\u00a0\u00a0\u00a0\u00a0\u00a0\u00a0\u00a0\u00a0\u00a0 R$ 9.500,00\u00a0\u00a0\u00a0\u00a0\u00a0\u00a0 ou\u00a0\u00a0\u00a0\u00a0\u00a0\u00a0\u00a0\u00a0\u00a0 2.000 USD<\/b><br \/><b>02 (DOIS) \u2013 Stands 3\u00d73 \u00a0\u00a0\u00a0\u00a0\u00a0\u00a0\u00a0\u00a0\u00a0\u00a0\u00a0\u00a0\u00a0\u00a0\u00a0\u00a0R$ 16.000,00\u00a0\u00a0\u00a0<span class=\"Apple-converted-space\">\u00a0 <\/span>ou\u00a0\u00a0\u00a0\u00a0\u00a0\u00a0\u00a0\u00a0\u00a0 3.200 USD<\/b><br \/><b>01 (UM) \u2013 Stand 4\u00d74 \u00a0\u00a0\u00a0\u00a0\u00a0\u00a0\u00a0\u00a0\u00a0\u00a0\u00a0\u00a0\u00a0\u00a0\u00a0\u00a0\u00a0\u00a0\u00a0\u00a0 R$ 14.600,00\u00a0\u00a0\u00a0<span class=\"Apple-converted-space\">\u00a0 <\/span>ou\u00a0\u00a0\u00a0\u00a0\u00a0\u00a0\u00a0\u00a0\u00a0 3.000 USD<\/b><br \/><b>01 (UM) \u2013 Stand 5\u00d75 \u00a0\u00a0\u00a0\u00a0\u00a0\u00a0\u00a0\u00a0\u00a0\u00a0\u00a0\u00a0\u00a0\u00a0\u00a0\u00a0\u00a0\u00a0\u00a0\u00a0 R$ 20.000,00\u00a0\u00a0\u00a0<span class=\"Apple-converted-space\">\u00a0 <\/span>ou\u00a0\u00a0\u00a0\u00a0\u00a0\u00a0\u00a0\u00a0\u00a0 4.000 USD\u00a0<\/b><\/p>\t\t\t\t\t\t<\/div>\n\t\t\t\t<\/div>\n\t\t\t\t\t<\/div>\n\t\t<\/div>\n\t\t\t\t\t\t\t<\/div>\n\t\t<\/section>\n\t\t\t\t<section class=\"elementor-section elementor-inner-section elementor-element elementor-element-caae1a5 elementor-section-boxed elementor-section-height-default elementor-section-height-default\" data-id=\"caae1a5\" data-element_type=\"section\">\n\t\t\t\t\t\t<div class=\"elementor-container elementor-column-gap-default\">\n\t\t\t\t\t<div class=\"elementor-column elementor-col-100 elementor-inner-column elementor-element elementor-element-9a527f8\" data-id=\"9a527f8\" data-element_type=\"column\" data-settings=\"{&quot;background_background&quot;:&quot;classic&quot;}\">\n\t\t\t<div class=\"elementor-widget-wrap elementor-element-populated\">\n\t\t\t\t\t\t\t\t<div class=\"elementor-element elementor-element-d2f1cb0 elementor-widget elementor-widget-heading\" data-id=\"d2f1cb0\" data-element_type=\"widget\" data-widget_type=\"heading.default\">\n\t\t\t\t<div class=\"elementor-widget-container\">\n\t\t\t<h5 class=\"elementor-heading-title elementor-size-default\">Seja um Patrocinador\n<\/h5>\t\t<\/div>\n\t\t\t\t<\/div>\n\t\t\t\t<div class=\"elementor-element elementor-element-e1383d5 elementor-widget elementor-widget-text-editor\" data-id=\"e1383d5\" data-element_type=\"widget\" data-widget_type=\"text-editor.default\">\n\t\t\t\t<div class=\"elementor-widget-container\">\n\t\t\t\t\t\t\t<p class=\"p1\"><b>Cota de patroc\u00ednio sem stand<\/b><\/p><p class=\"p1\"><b><\/b>Logo da empresa com link no site do evento,<br \/><br \/>Um v\u00eddeo institucional ou promocional de at\u00e9 30 segundos na abertura e nos intervalos das palestras.<br \/><br \/>Agradecimento ao vivo pelo apoio com apresenta\u00e7\u00e3o do logo (na abertura e encerramento),<br \/><br \/>Inser\u00e7\u00e3o do logo da empresa durante todo o evento,<br \/><br \/>Direito a 5 (cinco) inscri\u00e7\u00f5es de qualquer categoria \u2013 Cada inscrito dever\u00e1 realizar a sua pr\u00f3pria inscri\u00e7\u00e3o que ser\u00e1 isenta. <br \/><br \/>Ap\u00f3s o t\u00e9rmino das inscri\u00e7\u00f5es a empresa enviara rela\u00e7\u00e3o dos inscritos com CPF.<br \/><br \/><b>Investimento \u2013 R$ 28.000,00 ou 5.600 USD<\/b><\/p>\t\t\t\t\t\t<\/div>\n\t\t\t\t<\/div>\n\t\t\t\t\t<\/div>\n\t\t<\/div>\n\t\t\t\t\t\t\t<\/div>\n\t\t<\/section>\n\t\t\t\t<section class=\"elementor-section elementor-inner-section elementor-element elementor-element-cd13a1f elementor-section-boxed elementor-section-height-default elementor-section-height-default\" data-id=\"cd13a1f\" data-element_type=\"section\">\n\t\t\t\t\t\t<div class=\"elementor-container elementor-column-gap-default\">\n\t\t\t\t\t<div class=\"elementor-column elementor-col-100 elementor-inner-column elementor-element elementor-element-973cbf7\" data-id=\"973cbf7\" data-element_type=\"column\" data-settings=\"{&quot;background_background&quot;:&quot;classic&quot;}\">\n\t\t\t<div class=\"elementor-widget-wrap elementor-element-populated\">\n\t\t\t\t\t\t\t\t<div class=\"elementor-element elementor-element-8c2df1a elementor-widget elementor-widget-heading\" data-id=\"8c2df1a\" data-element_type=\"widget\" data-widget_type=\"heading.default\">\n\t\t\t\t<div class=\"elementor-widget-container\">\n\t\t\t<h5 class=\"elementor-heading-title elementor-size-default\">Outras formas de participa\u00e7\u00e3o\n<\/h5>\t\t<\/div>\n\t\t\t\t<\/div>\n\t\t\t\t<div class=\"elementor-element elementor-element-7cc616c elementor-widget elementor-widget-text-editor\" data-id=\"7cc616c\" data-element_type=\"widget\" data-widget_type=\"text-editor.default\">\n\t\t\t\t<div class=\"elementor-widget-container\">\n\t\t\t\t\t\t\t<p class=\"p1\">Encarte de material nas pastas (at\u00e9 2 folhas)<b><br \/><\/b>Investimento: R$ 4.500,00 ou 1.100 USD<\/p><p class=\"p3\">Canetas \u2013 500 pe\u00e7as, uma impress\u00e3o, uma cor.<br \/>Investimento: R$ 5.500,00 ou 1.400 USD<\/p><p class=\"p3\">N\u00ba de cotas \u2013 1<\/p><p class=\"p1\">Banner nas \u00e1reas de circula\u00e7\u00e3o do Centro de Conven\u00e7\u00f5es<br \/>Investimento: R$ 3.000,00 ou 800 USD\u00a0por inser\u00e7\u00e3o.<\/p><p class=\"p1\">*Ser\u00e1 expressamente proibido colocar banner nas \u00e1reas de circula\u00e7\u00e3o do Centro de Conven\u00e7\u00f5es sem autoriza\u00e7\u00e3o.<\/p><p class=\"p3\">Propaganda no verso dos Crach\u00e1s dos Participantes<br \/>Investimento \u2013 R$ 2.500,00 ou 700 USD<br \/>N\u00ba de cotas \u2013 1<\/p>\t\t\t\t\t\t<\/div>\n\t\t\t\t<\/div>\n\t\t\t\t\t<\/div>\n\t\t<\/div>\n\t\t\t\t\t\t\t<\/div>\n\t\t<\/section>\n\t\t\t\t<section class=\"elementor-section elementor-inner-section elementor-element elementor-element-e7ed082 elementor-section-boxed elementor-section-height-default elementor-section-height-default\" data-id=\"e7ed082\" data-element_type=\"section\">\n\t\t\t\t\t\t<div class=\"elementor-container elementor-column-gap-default\">\n\t\t\t\t\t<div class=\"elementor-column elementor-col-100 elementor-inner-column elementor-element elementor-element-4da4e3a\" data-id=\"4da4e3a\" data-element_type=\"column\" data-settings=\"{&quot;background_background&quot;:&quot;classic&quot;}\">\n\t\t\t<div class=\"elementor-widget-wrap elementor-element-populated\">\n\t\t\t\t\t\t\t\t<div class=\"elementor-element elementor-element-bd94e82 elementor-widget elementor-widget-heading\" data-id=\"bd94e82\" data-element_type=\"widget\" data-widget_type=\"heading.default\">\n\t\t\t\t<div class=\"elementor-widget-container\">\n\t\t\t<h5 class=\"elementor-heading-title elementor-size-default\">Totem carregador de baterias\n<\/h5>\t\t<\/div>\n\t\t\t\t<\/div>\n\t\t\t\t<div class=\"elementor-element elementor-element-2aeaa5b elementor-widget elementor-widget-text-editor\" data-id=\"2aeaa5b\" data-element_type=\"widget\" data-widget_type=\"text-editor.default\">\n\t\t\t\t<div class=\"elementor-widget-container\">\n\t\t\t\t\t\t\t<p class=\"p1\">Totem carregador de baterias<br \/>Carregar rapidamente baterias de celulares, tablets e outros dispositivos m\u00f3veis mantendo o cliente conectado com o mundo durante o evento<\/p><p class=\"p1\">Seu v\u00eddeo \u2013 Tela LCD 21<\/p><p class=\"p1\">6 lockers com cabos multicarregadores<\/p><p class=\"p1\">Envelopamento totalmente personaliz\u00e1vel com a sua marca<\/p><p class=\"p1\"><b>Investimento \u2013 R$ 4.900,00 ou 1.200 USD<\/b><\/p>\t\t\t\t\t\t<\/div>\n\t\t\t\t<\/div>\n\t\t\t\t<div class=\"elementor-element elementor-element-6080d9e elementor-widget elementor-widget-image\" data-id=\"6080d9e\" data-element_type=\"widget\" data-widget_type=\"image.default\">\n\t\t\t\t<div class=\"elementor-widget-container\">\n\t\t\t\t\t\t\t\t\t\t\t\t\t\t\t<img loading=\"lazy\" decoding=\"async\" width=\"215\" height=\"355\" src=\"https:\/\/brafp.org.br\/iafp2024\/wp-content\/uploads\/2023\/11\/image002.png\" class=\"attachment-large size-large wp-image-2407\" alt=\"\" srcset=\"https:\/\/brafp.org.br\/iafp2024\/wp-content\/uploads\/2023\/11\/image002.png 215w, https:\/\/brafp.org.br\/iafp2024\/wp-content\/uploads\/2023\/11\/image002-182x300.png 182w\" sizes=\"(max-width: 215px) 100vw, 215px\" \/>\t\t\t\t\t\t\t\t\t\t\t\t\t\t\t<\/div>\n\t\t\t\t<\/div>\n\t\t\t\t\t<\/div>\n\t\t<\/div>\n\t\t\t\t\t\t\t<\/div>\n\t\t<\/section>\n\t\t\t\t<section class=\"elementor-section elementor-inner-section elementor-element elementor-element-9288b05 elementor-section-boxed elementor-section-height-default elementor-section-height-default\" data-id=\"9288b05\" data-element_type=\"section\">\n\t\t\t\t\t\t<div class=\"elementor-container elementor-column-gap-default\">\n\t\t\t\t\t<div class=\"elementor-column elementor-col-100 elementor-inner-column elementor-element elementor-element-fb6ed44\" data-id=\"fb6ed44\" data-element_type=\"column\" data-settings=\"{&quot;background_background&quot;:&quot;classic&quot;}\">\n\t\t\t<div class=\"elementor-widget-wrap elementor-element-populated\">\n\t\t\t\t\t\t\t\t<div class=\"elementor-element elementor-element-69a32a0 elementor-widget elementor-widget-heading\" data-id=\"69a32a0\" data-element_type=\"widget\" data-widget_type=\"heading.default\">\n\t\t\t\t<div class=\"elementor-widget-container\">\n\t\t\t<h5 class=\"elementor-heading-title elementor-size-default\">Patroc\u00ednio sob consulta\n<\/h5>\t\t<\/div>\n\t\t\t\t<\/div>\n\t\t\t\t<div class=\"elementor-element elementor-element-8fa84c3 elementor-widget elementor-widget-text-editor\" data-id=\"8fa84c3\" data-element_type=\"widget\" data-widget_type=\"text-editor.default\">\n\t\t\t\t<div class=\"elementor-widget-container\">\n\t\t\t\t\t\t\t<p class=\"p1\">Coffee break, Coquet\u00e9is etc.<\/p><p class=\"p1\">Entendemos que cada parceria de patroc\u00ednio \u00e9 \u00fanica e pode ter requisitos espec\u00edficos. Portanto, estamos abertos a discutir as necessidades e expectativas de ambas as partes, a fim de desenvolver um acordo de patroc\u00ednio que seja mutuamente ben\u00e9fico.<\/p><p class=\"p1\"><b>Reservas: Marucchi Eventos<\/b><br \/><a href=\"mailto:eventos@marucchieventos.com.br\"><span class=\"s1\">eventos@marucchieventos.com.br<\/span><\/a><br \/>WhatsApp (11) 96426-9502<\/p>\t\t\t\t\t\t<\/div>\n\t\t\t\t<\/div>\n\t\t\t\t\t<\/div>\n\t\t<\/div>\n\t\t\t\t\t\t\t<\/div>\n\t\t<\/section>\n\t\t\t\t\t<\/div>\n\t\t<\/div>\n\t\t\t\t\t\t\t<\/div>\n\t\t<\/section>\n\t\t\t\t\t\t\t<\/div>\n\t\t","protected":false},"excerpt":{"rendered":"<p>Seja um Expositor Stand com montagem b\u00e1sica + logo da empresa no site do evento\u2028+ Caracter\u00edsticas do Stand B\u00e1sico Montagem em material de alum\u00ednio (sistema modular octogonal) com chapas divis\u00f3rias em TS na cor branca; Altura do estande em 2,20m01 (uma) testeira frontal identificativa reta (de 0,983m de largura por 0,463m altura) com o nome [&hellip;]<\/p>\n","protected":false},"author":1,"featured_media":0,"parent":0,"menu_order":0,"comment_status":"closed","ping_status":"closed","template":"","meta":{"footnotes":""},"_links":{"self":[{"href":"https:\/\/brafp.org.br\/iafp2024\/wp-json\/wp\/v2\/pages\/1775"}],"collection":[{"href":"https:\/\/brafp.org.br\/iafp2024\/wp-json\/wp\/v2\/pages"}],"about":[{"href":"https:\/\/brafp.org.br\/iafp2024\/wp-json\/wp\/v2\/types\/page"}],"author":[{"embeddable":true,"href":"https:\/\/brafp.org.br\/iafp2024\/wp-json\/wp\/v2\/users\/1"}],"replies":[{"embeddable":true,"href":"https:\/\/brafp.org.br\/iafp2024\/wp-json\/wp\/v2\/comments?post=1775"}],"version-history":[{"count":28,"href":"https:\/\/brafp.org.br\/iafp2024\/wp-json\/wp\/v2\/pages\/1775\/revisions"}],"predecessor-version":[{"id":2594,"href":"https:\/\/brafp.org.br\/iafp2024\/wp-json\/wp\/v2\/pages\/1775\/revisions\/2594"}],"wp:attachment":[{"href":"https:\/\/brafp.org.br\/iafp2024\/wp-json\/wp\/v2\/media?parent=1775"}],"curies":[{"name":"wp","href":"https:\/\/api.w.org\/{rel}","templated":true}]}}