{"id":1998,"date":"2023-10-31T07:43:40","date_gmt":"2023-10-31T10:43:40","guid":{"rendered":"http:\/\/brafp.org.br\/iafp2024\/?page_id=1998"},"modified":"2024-05-15T08:29:20","modified_gmt":"2024-05-15T11:29:20","slug":"mesa-redonda","status":"publish","type":"page","link":"https:\/\/brafp.org.br\/iafp2024\/mesa-redonda\/","title":{"rendered":"Mesa Redonda"},"content":{"rendered":"<p class=\"p2\">Os participantes poder\u00e3o submeter propostas de mesas redondas, que ser\u00e3o avaliados pela comiss\u00e3o cient\u00edfica e selecionados para compor a programa\u00e7\u00e3o do evento.<\/p>\n<p class=\"p3\">1) Na p\u00e1gina <a href=\"http:\/\/brafp.org.br\/iafp2024\/inscricoes\/\"><span class=\"s1\">Inscri\u00e7\u00f5es<\/span><\/a> selecione o tipo de inscri\u00e7\u00e3o &#8220;Brasileiro ou Estrangeiro&#8221;<\/p>\n<p class=\"p3\">2) Preencha os campos para realizar a inscri\u00e7\u00e3o no site<\/p>\n<p class=\"p3\">3) Acesse a &#8220;\u00e1rea do inscrito&#8221; e localize a op\u00e7\u00e3o &#8220;enviar Mesa Redonda&#8221;<\/p>\n<p class=\"p3\">4) Preencha os campos obrigat\u00f3rios<\/p>\n<p class=\"p3\">5) A proposta ser\u00e1 enviada para a comiss\u00e3o avaliar, caso seja necess\u00e1ria alguma modifica\u00e7\u00e3o voc\u00ea ser\u00e1 informado por e-mail. Ap\u00f3s aprovado, a confirma\u00e7\u00e3o tamb\u00e9m ser\u00e1 enviada por e-mail<\/p>\n<p class=\"p3\">6) O envio da proposta dever\u00e1 ser realizado atrav\u00e9s de sua \u00e1rea restrita, impreterivelmente, at\u00e9 o dia <span class=\"s2\">31\/03\/2024<\/span><span class=\"s3\"> \u00e0s 23h59m (hor\u00e1rio de Bras\u00edlia) <\/span><b>em <\/b><span class=\"s4\"><b>Portugu\u00eas, Espanhol ou Ingl\u00eas<\/b><\/span><b>.<\/b><\/p>\n<p class=\"p3\">ATEN\u00c7\u00c3O: Confiram o conte\u00fado da proposta de mesa redonda antes da postagem final para evitar erros! As propostas de mesas redondas devem ser submetidas por interm\u00e9dio do formul\u00e1rio on-line, no \u00edcone <span class=\"s4\">SUBMISS\u00c3O DE MESA REDONDA<\/span>, que voc\u00ea ter\u00e1 acesso atrav\u00e9s da sua <a href=\"http:\/\/brafp.org.br\/iafp2024\/area-do-inscrito\/\"><span class=\"s5\"><b>\u00e1rea restrita<\/b><\/span><\/a> ap\u00f3s a inscri\u00e7\u00e3o no evento.<\/p>\n<p class=\"p4\"><span class=\"s6\"><b>Conhe\u00e7a as <\/b><\/span><b>\u00c1REAS TEM\u00c1TICAS<\/b><\/p>\n<p class=\"p5\">1) Gr\u00e3os e cereais;<\/p>\n<p class=\"p5\">2) Verduras e Frutas e<\/p>\n<p class=\"p5\">3) Alimentos de Origem Animal<\/p>\n<p class=\"p5\"><b>Passos para submiss\u00e3o <\/b><\/p>\n<p class=\"p5\"><b>A Mesa dever\u00e1 ser composta por no m\u00ednimo tr\u00eas e no m\u00e1ximo cinco palestrantes e o proponente dever\u00e1 indicar qual ser\u00e1 o moderador.<\/b><\/p>\n<p>Passo 1) T\u00edtulo principal da Mesa<\/p>\n<p class=\"p5\">Passo 2) Cadastro dos palestrantes:<\/p>\n<p class=\"p5\"><b>Autor<\/b> (preencha o nome completo dos Autores, ORCID e Institui\u00e7\u00e3o)<br \/>\nInstitui\u00e7\u00e3o \/ Cidade \/ Estado \/ Pa\u00eds<br \/>\nEscolha a \u00e1rea<\/p>\n<p class=\"p5\">Passo 3) Inserir um resumo com o conte\u00fado do que ser\u00e1 abordado na mesa redonda.<\/p>\n<p class=\"p7\">Palavras-chave\u00a0(at\u00e9 4 palavras-chave)<\/p>\n<p class=\"p7\">Agradecimentos<\/p>\n<p class=\"p5\"><span class=\"s7\">Passo 4) <\/span>Indicar quem ser\u00e1 o moderador.<\/p>\n<p class=\"p4\">O resumo do conte\u00fado da mesa redonda poder\u00e1 conter no m\u00ednimo 1800 e no m\u00e1ximo 3500 caracteres (com espa\u00e7os) e conter breve introdu\u00e7\u00e3o sobre a relev\u00e2ncia do tema, o objetivo da discuss\u00e3o na mesa redonda, breve apresenta\u00e7\u00e3o de cada uma das palestras inclu\u00eddas, e uma breve conclus\u00e3o sobre o assunto.<\/p>\n<p class=\"p3\">Os caracteres do T\u00edtulo, Autores, Institui\u00e7\u00f5es, Palavras Chaves e Ag\u00eancias de Fomento n\u00e3o ser\u00e3o contabilizados.<\/p>\n<p class=\"p3\">Ser\u00e3o consideradas somente propostas de mesas redondas no escopo do evento.<\/p>\n<p class=\"p3\">Agradecimentos \u00e0s ag\u00eancias de fomento s\u00e3o opcionais.<\/p>\n<p class=\"p3\">O resumo da mesa redonda n\u00e3o dever\u00e1 conter cita\u00e7\u00f5es bibliogr\u00e1ficas, nem lista de refer\u00eancias bibliogr\u00e1ficas.<\/p>\n<p class=\"p3\">Cabe ao(s) autor(es) assinalar(em) a \u00e1rea tem\u00e1tica da proposta. Entretanto, a Comiss\u00e3o Cient\u00edfica poder\u00e1 remanejar a proposta para outra \u00e1rea se achar mais adequado.<\/p>\n<p class=\"p9\"><span class=\"s4\">Todos os palestrantes inclu\u00eddos nas mesas redondas selecionadas dever\u00e3o obrigatoriamente realizar a sua inscri\u00e7\u00e3o (gratuita) no IAFP Latino 2024 at\u00e9 o dia 30\/06\/2024. Propostas sem as inscri\u00e7\u00f5es de seus palestrantes ser\u00e3o canceladas ap\u00f3s essa data.<\/span><\/p>\n<p><strong>Importante:<br \/>\n1) n\u00e3o haver\u00e1 cobran\u00e7a da taxa de inscri\u00e7\u00e3o no IAFP Latino 2024 de tr\u00eas (3) palestrantes por mesa redonda aprovada pela comiss\u00e3o cient\u00edfica.<br \/>\n2) proponentes de mesas redondas aprovadas e que contenham mais de tr\u00eas (3) palestrantes ser\u00e3o consultados para indica\u00e7\u00e3o dos palestrantes isentos da taxa de inscri\u00e7\u00e3o<br \/>\n3) mesmo com isen\u00e7\u00e3o da taxa de inscri\u00e7\u00e3o, os palestrantes devem fazer a inscri\u00e7\u00e3o no IAFP Latino 2024, para registro formal no evento e na BRAFP.<\/strong><\/p>\n<p class=\"p3\">Para saber se a proposta de mesa redonda foi aceita ou n\u00e3o, os o(s) autor(es) dever\u00e1(\u00e3o) verificar em: Resultado da avalia\u00e7\u00e3o de mesas redondas, em sua <a href=\"http:\/\/brafp.org.br\/iafp2024\/area-do-inscrito\/\"><span class=\"s5\"><b>\u00e1rea restrita<\/b>.<\/span><\/a><\/p>\n<p class=\"p3\">Os resumos das mesas-redondas aceitas ser\u00e3o publicados nos Anais ONLINE de Resumos, desde que todos os palestrantes da mesa redonda realizem a sua inscri\u00e7\u00e3o no prazo estabelecido e confirmem a sua participa\u00e7\u00e3o no evento.<\/p>\n<p class=\"p3\">A Comiss\u00e3o Organizadora descartar\u00e1 as mesas redondas que n\u00e3o forem selecionadas e que n\u00e3o atenderem aos requisitos m\u00ednimos descritos.<\/p>\n","protected":false},"excerpt":{"rendered":"<p>Os participantes poder\u00e3o submeter propostas de mesas redondas, que ser\u00e3o avaliados pela comiss\u00e3o cient\u00edfica e selecionados para compor a programa\u00e7\u00e3o do evento. 1) Na p\u00e1gina Inscri\u00e7\u00f5es selecione o tipo de inscri\u00e7\u00e3o &#8220;Brasileiro ou Estrangeiro&#8221; 2) Preencha os campos para realizar a inscri\u00e7\u00e3o no site 3) Acesse a &#8220;\u00e1rea do inscrito&#8221; e localize a op\u00e7\u00e3o &#8220;enviar [&hellip;]<\/p>\n","protected":false},"author":1,"featured_media":0,"parent":0,"menu_order":0,"comment_status":"closed","ping_status":"closed","template":"","meta":{"footnotes":""},"_links":{"self":[{"href":"https:\/\/brafp.org.br\/iafp2024\/wp-json\/wp\/v2\/pages\/1998"}],"collection":[{"href":"https:\/\/brafp.org.br\/iafp2024\/wp-json\/wp\/v2\/pages"}],"about":[{"href":"https:\/\/brafp.org.br\/iafp2024\/wp-json\/wp\/v2\/types\/page"}],"author":[{"embeddable":true,"href":"https:\/\/brafp.org.br\/iafp2024\/wp-json\/wp\/v2\/users\/1"}],"replies":[{"embeddable":true,"href":"https:\/\/brafp.org.br\/iafp2024\/wp-json\/wp\/v2\/comments?post=1998"}],"version-history":[{"count":7,"href":"https:\/\/brafp.org.br\/iafp2024\/wp-json\/wp\/v2\/pages\/1998\/revisions"}],"predecessor-version":[{"id":3607,"href":"https:\/\/brafp.org.br\/iafp2024\/wp-json\/wp\/v2\/pages\/1998\/revisions\/3607"}],"wp:attachment":[{"href":"https:\/\/brafp.org.br\/iafp2024\/wp-json\/wp\/v2\/media?parent=1998"}],"curies":[{"name":"wp","href":"https:\/\/api.w.org\/{rel}","templated":true}]}}