{"id":4760,"date":"2024-10-07T11:12:46","date_gmt":"2024-10-07T14:12:46","guid":{"rendered":"https:\/\/brafp.org.br\/iafp2024\/?page_id=4760"},"modified":"2024-11-01T08:25:13","modified_gmt":"2024-11-01T11:25:13","slug":"programacao-reunioes-estrategicas","status":"publish","type":"page","link":"https:\/\/brafp.org.br\/iafp2024\/programacao-reunioes-estrategicas\/","title":{"rendered":"Programa\u00e7\u00e3o Reuni\u00f5es Estrat\u00e9gicas"},"content":{"rendered":"\t\t<div data-elementor-type=\"wp-page\" data-elementor-id=\"4760\" class=\"elementor elementor-4760\" data-elementor-post-type=\"page\">\n\t\t\t\t\t\t\t\t\t<section class=\"elementor-section elementor-top-section elementor-element elementor-element-89ab8e9 elementor-section-boxed elementor-section-height-default elementor-section-height-default\" data-id=\"89ab8e9\" data-element_type=\"section\" data-settings=\"{&quot;background_background&quot;:&quot;classic&quot;}\">\n\t\t\t\t\t\t<div class=\"elementor-container elementor-column-gap-default\">\n\t\t\t\t\t<div class=\"elementor-column elementor-col-100 elementor-top-column elementor-element elementor-element-8c8a50e\" data-id=\"8c8a50e\" data-element_type=\"column\">\n\t\t\t<div class=\"elementor-widget-wrap elementor-element-populated\">\n\t\t\t\t\t\t\t\t<div class=\"elementor-element elementor-element-d6ab1fa elementor-widget elementor-widget-heading\" data-id=\"d6ab1fa\" data-element_type=\"widget\" data-widget_type=\"heading.default\">\n\t\t\t\t<div class=\"elementor-widget-container\">\n\t\t\t<style>\/*! elementor - v3.16.0 - 17-10-2023 *\/\n.elementor-heading-title{padding:0;margin:0;line-height:1}.elementor-widget-heading .elementor-heading-title[class*=elementor-size-]>a{color:inherit;font-size:inherit;line-height:inherit}.elementor-widget-heading .elementor-heading-title.elementor-size-small{font-size:15px}.elementor-widget-heading .elementor-heading-title.elementor-size-medium{font-size:19px}.elementor-widget-heading .elementor-heading-title.elementor-size-large{font-size:29px}.elementor-widget-heading .elementor-heading-title.elementor-size-xl{font-size:39px}.elementor-widget-heading .elementor-heading-title.elementor-size-xxl{font-size:59px}<\/style><p class=\"elementor-heading-title elementor-size-default\">Programa\u00e7\u00e3o - reuni\u00f5es estrat\u00e9gicas<\/p>\t\t<\/div>\n\t\t\t\t<\/div>\n\t\t\t\t<div class=\"elementor-element elementor-element-0e6f4ca elementor-widget elementor-widget-theme-post-title elementor-page-title elementor-widget-heading\" data-id=\"0e6f4ca\" data-element_type=\"widget\" data-widget_type=\"theme-post-title.default\">\n\t\t\t\t<div class=\"elementor-widget-container\">\n\t\t\t<h1 class=\"elementor-heading-title elementor-size-default\">Inicial \/\/  Programa\u00e7\u00e3o Reuni\u00f5es Estrat\u00e9gicas<\/h1>\t\t<\/div>\n\t\t\t\t<\/div>\n\t\t\t\t<div class=\"elementor-element elementor-element-59de55c pp-table-center elementor-widget elementor-widget-pp-table\" data-id=\"59de55c\" data-element_type=\"widget\" data-settings=\"{&quot;table_type&quot;:&quot;normal&quot;}\" data-widget_type=\"pp-table.default\">\n\t\t\t\t<div class=\"elementor-widget-container\">\n\t\t\t\t\t<div class=\"pp-table-container\">\n\t\t\t<table \n\t\t\tclass=\"pp-table tablesaw\"\t\t\t\t>\n\t\t\t\t\t\t\t<colgroup>\n\t\t\t\t\t\t\t\t<col\n\t\t\t\t\tspan=\"1\"\n\t\t\t\t\tclass=\"elementor-repeater-item-3d73696\"\n\t\t\t\t\t\t\t\t\t\t\tstyle=\"\n\t\t\t\t\t\t\t\t\t\t\t\t\t\t\t\t\t\t\t\t\"\n\t\t\t\t\t\t\t\t\t\t>\n\t\t\t\t\t\t\t<\/colgroup>\n\t\t\t\t\t\t<thead>\n\t\t\t\t<tr class=\"pp-table-row\">\n\t\t\t\t\t<th class=\"pp-table-cell pp-table-cell-6d9bbd3\"><span class=\"pp-table-cell-content\"><span class=\"pp-table-cell-text\">Dia<\/span><\/span><\/th><th class=\"pp-table-cell pp-table-cell-c30addf\"><span class=\"pp-table-cell-content\"><span class=\"pp-table-cell-text\">Hor\u00e1rio<\/span><\/span><\/th><th class=\"pp-table-cell pp-table-cell-1f98120\"><span class=\"pp-table-cell-content\"><span class=\"pp-table-cell-text\">Sala<\/span><\/span><\/th><th class=\"pp-table-cell pp-table-cell-86dfa6a\"><span class=\"pp-table-cell-content\"><span class=\"pp-table-cell-text\">Institui\u00e7\u00e3o \/ Empresa<\/span><\/span><\/th><th class=\"pp-table-cell pp-table-cell-fef86f9\"><span class=\"pp-table-cell-content\"><span class=\"pp-table-cell-text\">Observa\u00e7\u00f5es<\/span><\/span><\/th><th class=\"pp-table-cell pp-table-cell-10abaed\"><span class=\"pp-table-cell-content\"><span class=\"pp-table-cell-text\">Tema \/  Assunto<\/span><\/span><\/th>\t\t\t\t<\/tr>\n\t\t\t<\/thead>\n\t\t\t\t\t<tfoot>\n\t\t\t<\/tr>\t\t<\/tfoot>\n\t\t\t\t<tbody>\n\t\t\t<tr ><td class=\"pp-table-cell pp-table-cell-87bd14e horario\"><span class=\"pp-table-cell-content\"><span class=\"pp-table-cell-text\">12\/11<\/span><\/span><\/td><td class=\"pp-table-cell pp-table-cell-3fa13f3 horario\"><span class=\"pp-table-cell-content\"><span class=\"pp-table-cell-text\">09:00 \u2013 10:00<\/span><\/span><\/td><td class=\"pp-table-cell pp-table-cell-f5bfb6f horario\"><span class=\"pp-table-cell-content\"><span class=\"pp-table-cell-text\">AB<\/span><\/span><\/td><td class=\"pp-table-cell pp-table-cell-19dd2ba horario\"><span class=\"pp-table-cell-content\"><span class=\"pp-table-cell-text\">Livre<\/span><\/span><\/td><td class=\"pp-table-cell pp-table-cell-886dfac horario\"><span class=\"pp-table-cell-content\"><span class=\"pp-table-cell-text\">&nbsp;<\/span><\/span><\/td><td class=\"pp-table-cell pp-table-cell-30f3154 horario\"><span class=\"pp-table-cell-content\"><span class=\"pp-table-cell-text\">&nbsp;<\/span><\/span><\/td><\/tr><tr ><td class=\"pp-table-cell pp-table-cell-56f88dd horario\"><span class=\"pp-table-cell-content\"><span class=\"pp-table-cell-text\">&nbsp;<\/span><\/span><\/td><td class=\"pp-table-cell pp-table-cell-5451a51 horario\"><span class=\"pp-table-cell-content\"><span class=\"pp-table-cell-text\">&nbsp;<\/span><\/span><\/td><td class=\"pp-table-cell pp-table-cell-38a6fc7 horario\"><span class=\"pp-table-cell-content\"><span class=\"pp-table-cell-text\">C<\/span><\/span><\/td><td class=\"pp-table-cell pp-table-cell-a50b199 horario\"><span class=\"pp-table-cell-content\"><span class=\"pp-table-cell-text\">ICFMH meeting<\/span><\/span><\/td><td class=\"pp-table-cell pp-table-cell-3e012d4 horario\"><span class=\"pp-table-cell-content\"><span class=\"pp-table-cell-text\">Apenas para convidados<\/span><\/span><\/td><td class=\"pp-table-cell pp-table-cell-4a82fba horario\"><span class=\"pp-table-cell-content\"><span class=\"pp-table-cell-text\">Reuni\u00e3o de planejamento e avalia\u00e7\u00e3o<\/span><\/span><\/td><\/tr><tr ><td class=\"pp-table-cell pp-table-cell-efe69d0 horario\"><span class=\"pp-table-cell-content\"><span class=\"pp-table-cell-text\">&nbsp;<\/span><\/span><\/td><td class=\"pp-table-cell pp-table-cell-c1dd681 horario\"><span class=\"pp-table-cell-content\"><span class=\"pp-table-cell-text\">&nbsp;<\/span><\/span><\/td><td class=\"pp-table-cell pp-table-cell-4de880c horario\"><span class=\"pp-table-cell-content\"><span class=\"pp-table-cell-text\">D<\/span><\/span><\/td><td class=\"pp-table-cell pp-table-cell-e335a0d horario\"><span class=\"pp-table-cell-content\"><span class=\"pp-table-cell-text\">Livre<\/span><\/span><\/td><td class=\"pp-table-cell pp-table-cell-1334da9 horario\"><span class=\"pp-table-cell-content\"><span class=\"pp-table-cell-text\">&nbsp;<\/span><\/span><\/td><td class=\"pp-table-cell pp-table-cell-c12b541 horario\"><span class=\"pp-table-cell-content\"><span class=\"pp-table-cell-text\">&nbsp;<\/span><\/span><\/td><\/tr><tr ><td class=\"pp-table-cell pp-table-cell-9a94d0b horario\"><span class=\"pp-table-cell-content\"><span class=\"pp-table-cell-text\">&nbsp;<\/span><\/span><\/td><td class=\"pp-table-cell pp-table-cell-c7c403d horario\"><span class=\"pp-table-cell-content\"><span class=\"pp-table-cell-text\">10:00 \u2013 11:00<\/span><\/span><\/td><td class=\"pp-table-cell pp-table-cell-ee8aebc horario\"><span class=\"pp-table-cell-content\"><span class=\"pp-table-cell-text\">AB<\/span><\/span><\/td><td class=\"pp-table-cell pp-table-cell-8756635 horario\"><span class=\"pp-table-cell-content\"><span class=\"pp-table-cell-text\">Associa\u00e7\u00e3o Internacional para a Prote\u00e7\u00e3o dos Alimentos \u2013 Am\u00e9rica Latina<\/span><\/span><\/td><td class=\"pp-table-cell pp-table-cell-ec1e830 horario\"><span class=\"pp-table-cell-content\"><span class=\"pp-table-cell-text\">Associados IAFP e interessados<\/span><\/span><\/td><td class=\"pp-table-cell pp-table-cell-e097971 horario\"><span class=\"pp-table-cell-content\"><span class=\"pp-table-cell-text\">Apresenta\u00e7\u00e3o de atividades do IAFP e associa\u00e7\u00f5es filiadas<\/span><\/span><\/td><\/tr><tr ><td class=\"pp-table-cell pp-table-cell-34157c9 horario\"><span class=\"pp-table-cell-content\"><span class=\"pp-table-cell-text\">&nbsp;<\/span><\/span><\/td><td class=\"pp-table-cell pp-table-cell-3331433 horario\"><span class=\"pp-table-cell-content\"><span class=\"pp-table-cell-text\">&nbsp;<\/span><\/span><\/td><td class=\"pp-table-cell pp-table-cell-3f6b247 horario\"><span class=\"pp-table-cell-content\"><span class=\"pp-table-cell-text\">C<\/span><\/span><\/td><td class=\"pp-table-cell pp-table-cell-1ab9ea2 horario\"><span class=\"pp-table-cell-content\"><span class=\"pp-table-cell-text\">bioM\u00e9rieux<\/span><\/span><\/td><td class=\"pp-table-cell pp-table-cell-0c441e5 horario\"><span class=\"pp-table-cell-content\"><span class=\"pp-table-cell-text\">bioM\u00e9rieux<\/span><\/span><\/td><td class=\"pp-table-cell pp-table-cell-d3b47e6 horario\"><span class=\"pp-table-cell-content\"><span class=\"pp-table-cell-text\">Como ca\u00e7ar o invis\u00edvel? Ferramentas pr\u00e1ticas de Monitoramento Ambiental<\/span><\/span><\/td><\/tr><tr ><td class=\"pp-table-cell pp-table-cell-ca50fd9 horario\"><span class=\"pp-table-cell-content\"><span class=\"pp-table-cell-text\">&nbsp;<\/span><\/span><\/td><td class=\"pp-table-cell pp-table-cell-ffa97fc horario\"><span class=\"pp-table-cell-content\"><span class=\"pp-table-cell-text\">&nbsp;<\/span><\/span><\/td><td class=\"pp-table-cell pp-table-cell-48a2dcf horario\"><span class=\"pp-table-cell-content\"><span class=\"pp-table-cell-text\">D<\/span><\/span><\/td><td class=\"pp-table-cell pp-table-cell-66e45ba horario\"><span class=\"pp-table-cell-content\"><span class=\"pp-table-cell-text\">Livre<\/span><\/span><\/td><td class=\"pp-table-cell pp-table-cell-6341a49 horario\"><span class=\"pp-table-cell-content\"><span class=\"pp-table-cell-text\">&nbsp;<\/span><\/span><\/td><td class=\"pp-table-cell pp-table-cell-33f8a26 horario\"><span class=\"pp-table-cell-content\"><span class=\"pp-table-cell-text\">&nbsp;<\/span><\/span><\/td><\/tr><tr ><td class=\"pp-table-cell pp-table-cell-fdd1fd0 horario\"><span class=\"pp-table-cell-content\"><span class=\"pp-table-cell-text\">13\/11<\/span><\/span><\/td><td class=\"pp-table-cell pp-table-cell-d726eec horario\"><span class=\"pp-table-cell-content\"><span class=\"pp-table-cell-text\">09:00 \u2013 10:00<\/span><\/span><\/td><td class=\"pp-table-cell pp-table-cell-b619513 horario\"><span class=\"pp-table-cell-content\"><span class=\"pp-table-cell-text\">AB<\/span><\/span><\/td><td class=\"pp-table-cell pp-table-cell-5343106 horario\"><span class=\"pp-table-cell-content\"><span class=\"pp-table-cell-text\">Livre<\/span><\/span><\/td><td class=\"pp-table-cell pp-table-cell-c367604 horario\"><span class=\"pp-table-cell-content\"><span class=\"pp-table-cell-text\">&nbsp;<\/span><\/span><\/td><td class=\"pp-table-cell pp-table-cell-9dc65a1 horario\"><span class=\"pp-table-cell-content\"><span class=\"pp-table-cell-text\">&nbsp;<\/span><\/span><\/td><\/tr><tr ><td class=\"pp-table-cell pp-table-cell-57657ee horario\"><span class=\"pp-table-cell-content\"><span class=\"pp-table-cell-text\">&nbsp;<\/span><\/span><\/td><td class=\"pp-table-cell pp-table-cell-b63f22b horario\"><span class=\"pp-table-cell-content\"><span class=\"pp-table-cell-text\">&nbsp;<\/span><\/span><\/td><td class=\"pp-table-cell pp-table-cell-ae2a209 horario\"><span class=\"pp-table-cell-content\"><span class=\"pp-table-cell-text\">C<\/span><\/span><\/td><td class=\"pp-table-cell pp-table-cell-865c893 horario\"><span class=\"pp-table-cell-content\"><span class=\"pp-table-cell-text\">Grupo de trabalho \u2013 INCT HIPOA<\/span><\/span><\/td><td class=\"pp-table-cell pp-table-cell-cf8649c horario\"><span class=\"pp-table-cell-content\"><span class=\"pp-table-cell-text\">Apenas para convidados<\/span><\/span><\/td><td class=\"pp-table-cell pp-table-cell-dfa9d52 horario\"><span class=\"pp-table-cell-content\"><span class=\"pp-table-cell-text\">Reuni\u00e3o de planejamento e avalia\u00e7\u00e3o<\/span><\/span><\/td><\/tr><tr ><td class=\"pp-table-cell pp-table-cell-0fb2885 horario\"><span class=\"pp-table-cell-content\"><span class=\"pp-table-cell-text\">&nbsp;<\/span><\/span><\/td><td class=\"pp-table-cell pp-table-cell-d2b7930 horario\"><span class=\"pp-table-cell-content\"><span class=\"pp-table-cell-text\">&nbsp;<\/span><\/span><\/td><td class=\"pp-table-cell pp-table-cell-d747604 horario\"><span class=\"pp-table-cell-content\"><span class=\"pp-table-cell-text\">D<\/span><\/span><\/td><td class=\"pp-table-cell pp-table-cell-8057e2b horario\"><span class=\"pp-table-cell-content\"><span class=\"pp-table-cell-text\">ICMSF \u2013 Am\u00e9rica Latina<\/span><\/span><\/td><td class=\"pp-table-cell pp-table-cell-b7ea6dc horario\"><span class=\"pp-table-cell-content\"><span class=\"pp-table-cell-text\">Apenas para convidados<\/span><\/span><\/td><td class=\"pp-table-cell pp-table-cell-e5b6dba horario\"><span class=\"pp-table-cell-content\"><span class=\"pp-table-cell-text\">Reuni\u00e3o de planejamento e avalia\u00e7\u00e3o<\/span><\/span><\/td><\/tr><tr ><td class=\"pp-table-cell pp-table-cell-bac7ac5 horario\"><span class=\"pp-table-cell-content\"><span class=\"pp-table-cell-text\">&nbsp;<\/span><\/span><\/td><td class=\"pp-table-cell pp-table-cell-6bac694 horario\"><span class=\"pp-table-cell-content\"><span class=\"pp-table-cell-text\">10:00 \u2013 11:00<\/span><\/span><\/td><td class=\"pp-table-cell pp-table-cell-a48fe7a horario\"><span class=\"pp-table-cell-content\"><span class=\"pp-table-cell-text\">AB<\/span><\/span><\/td><td class=\"pp-table-cell pp-table-cell-9103e8b horario\"><span class=\"pp-table-cell-content\"><span class=\"pp-table-cell-text\">Associa\u00e7\u00e3o Brasileira para a Prote\u00e7\u00e3o dos Alimentos (BRAFP)<\/span><\/span><\/td><td class=\"pp-table-cell pp-table-cell-bc11980 horario\"><span class=\"pp-table-cell-content\"><span class=\"pp-table-cell-text\">Associados BRAFP e Interessados<\/span><\/span><\/td><td class=\"pp-table-cell pp-table-cell-04e8846 horario\"><span class=\"pp-table-cell-content\"><span class=\"pp-table-cell-text\">Reuni\u00e3o com membros da BRAFP: planejamento de atividades e presta\u00e7\u00e3o de contas<\/span><\/span><\/td><\/tr><tr ><td class=\"pp-table-cell pp-table-cell-53e0b13 horario\"><span class=\"pp-table-cell-content\"><span class=\"pp-table-cell-text\">&nbsp;<\/span><\/span><\/td><td class=\"pp-table-cell pp-table-cell-9959217 horario\"><span class=\"pp-table-cell-content\"><span class=\"pp-table-cell-text\">&nbsp;<\/span><\/span><\/td><td class=\"pp-table-cell pp-table-cell-9698572 horario\"><span class=\"pp-table-cell-content\"><span class=\"pp-table-cell-text\">C<\/span><\/span><\/td><td class=\"pp-table-cell pp-table-cell-06d2539 horario\"><span class=\"pp-table-cell-content\"><span class=\"pp-table-cell-text\">Safe Quality Food Institute<\/span><\/span><\/td><td class=\"pp-table-cell pp-table-cell-f6b7fcd horario\"><span class=\"pp-table-cell-content\"><span class=\"pp-table-cell-text\">Aberto ao p\u00fablico<\/span><\/span><\/td><td class=\"pp-table-cell pp-table-cell-94c9e69 horario\"><span class=\"pp-table-cell-content\"><span class=\"pp-table-cell-text\">Prevenindo Crises, Construindo um Futuro mais Seguro: A An\u00e1lise de Risco no Monitoramento Ambiental como Ferramenta Essencial<\/span><\/span><\/td><\/tr><tr ><td class=\"pp-table-cell pp-table-cell-078bcc3 horario\"><span class=\"pp-table-cell-content\"><span class=\"pp-table-cell-text\">&nbsp;<\/span><\/span><\/td><td class=\"pp-table-cell pp-table-cell-1e9fdf1 horario\"><span class=\"pp-table-cell-content\"><span class=\"pp-table-cell-text\">&nbsp;<\/span><\/span><\/td><td class=\"pp-table-cell pp-table-cell-2c69ca6 horario\"><span class=\"pp-table-cell-content\"><span class=\"pp-table-cell-text\">D<\/span><\/span><\/td><td class=\"pp-table-cell pp-table-cell-f1d0238 horario\"><span class=\"pp-table-cell-content\"><span class=\"pp-table-cell-text\">Livre<\/span><\/span><\/td><td class=\"pp-table-cell pp-table-cell-c13cfa3 horario\"><span class=\"pp-table-cell-content\"><span class=\"pp-table-cell-text\">&nbsp;<\/span><\/span><\/td><td class=\"pp-table-cell pp-table-cell-18b4325 horario\"><span class=\"pp-table-cell-content\"><span class=\"pp-table-cell-text\">&nbsp;<\/span><\/span><\/td><\/tr>\t\t<\/tbody>\n\t\t\t\t\t<\/table>\n\t\t<\/div>\n\t\t\t\t<\/div>\n\t\t\t\t<\/div>\n\t\t\t\t\t<\/div>\n\t\t<\/div>\n\t\t\t\t\t\t\t<\/div>\n\t\t<\/section>\n\t\t\t\t\t\t\t<\/div>\n\t\t","protected":false},"excerpt":{"rendered":"<p>Programa\u00e7\u00e3o &#8211; reuni\u00f5es estrat\u00e9gicas Dia Hor\u00e1rio Sala Institui\u00e7\u00e3o \/ Empresa Observa\u00e7\u00f5es Tema \/ Assunto 12\/11 09:00 \u2013 10:00 AB Livre &nbsp; &nbsp; &nbsp; &nbsp; C ICFMH meeting Apenas para convidados Reuni\u00e3o de planejamento e avalia\u00e7\u00e3o &nbsp; &nbsp; D Livre &nbsp; &nbsp; &nbsp; 10:00 \u2013 11:00 AB Associa\u00e7\u00e3o Internacional para a Prote\u00e7\u00e3o dos Alimentos \u2013 Am\u00e9rica [&hellip;]<\/p>\n","protected":false},"author":1,"featured_media":0,"parent":0,"menu_order":0,"comment_status":"closed","ping_status":"closed","template":"","meta":{"footnotes":""},"_links":{"self":[{"href":"https:\/\/brafp.org.br\/iafp2024\/wp-json\/wp\/v2\/pages\/4760"}],"collection":[{"href":"https:\/\/brafp.org.br\/iafp2024\/wp-json\/wp\/v2\/pages"}],"about":[{"href":"https:\/\/brafp.org.br\/iafp2024\/wp-json\/wp\/v2\/types\/page"}],"author":[{"embeddable":true,"href":"https:\/\/brafp.org.br\/iafp2024\/wp-json\/wp\/v2\/users\/1"}],"replies":[{"embeddable":true,"href":"https:\/\/brafp.org.br\/iafp2024\/wp-json\/wp\/v2\/comments?post=4760"}],"version-history":[{"count":31,"href":"https:\/\/brafp.org.br\/iafp2024\/wp-json\/wp\/v2\/pages\/4760\/revisions"}],"predecessor-version":[{"id":4924,"href":"https:\/\/brafp.org.br\/iafp2024\/wp-json\/wp\/v2\/pages\/4760\/revisions\/4924"}],"wp:attachment":[{"href":"https:\/\/brafp.org.br\/iafp2024\/wp-json\/wp\/v2\/media?parent=4760"}],"curies":[{"name":"wp","href":"https:\/\/api.w.org\/{rel}","templated":true}]}}